f 609045483?
6
What is the thousands digit of 4578839600?
9
What is the ten millions digit of 380390405?
8
What is the ten thousands digit of 263151643?
5
What is the thousands digit of 2259429458?
9
What is the millions digit of 126042356?
6
What is the tens digit of 44934887?
8
What is the thousands digit of 75613966?
3
What is the millions digit of 413706345?
3
What is the millions digit of 266581282?
6
What is the tens digit of 139001667?
6
What is the millions digit of 2763299122?
3
What is the hundreds digit of 426862062?
0
What is the tens digit of 152739629?
2
What is the hundred thousands digit of 72004471?
0
What is the tens digit of 242992289?
8
What is the millions digit of 114001445?
4
What is the hundreds digit of 43285294?
2
What is the millions digit of 1753451804?
3
What is the tens digit of 1869889905?
0
What is the ten millions digit of 3620861337?
2
What is the ten millions digit of 512349915?
1
What is the hundred thousands digit of 2261914266?
9
What is the ten thousands digit of 799286532?
8
What is the thousands digit of 66282903?
2
What is the ten thousands digit of 995280899?
8
What is the hundred millions digit of 1060878583?
0
What is the hundreds digit of 61107147?
1
What is the thousands digit of 218246008?
6
What is the ten millions digit of 595598558?
9
What is the hundred millions digit of 3629247973?
6
What is the hundreds digit of 2437341903?
9
What is the hundred millions digit of 240966580?
2
What is the units digit of 88852378?
8
What is the hundred thousands digit of 277438056?
4
What is the ten thousands digit of 841768222?
6
What is the ten millions digit of 927517965?
2
What is the units digit of 618033422?
2
What is the ten millions digit of 160940266?
6
What is the hundred millions digit of 467374984?
4
What is the millions digit of 183663433?
3
What is the ten millions digit of 199567094?
9
What is the hundred thousands digit of 126507798?
5
What is the hundred millions digit of 738519845?
7
What is the billions digit of 1411569251?
1
What is the hundreds digit of 220106324?
3
What is the tens digit of 68162698?
9
What is the tens digit of 3664804?
0
What is the hundred millions digit of 101844464?
1
What is the units digit of 102500551?
1
What is the hundred thousands digit of 46905791?
9
What is the thousands digit of 126358057?
8
What is the hundred millions digit of 275919008?
2
What is the ten thousands digit of 111508507?
0
What is the units digit of 107071453?
3
What is the hundred thousands digit of 72515199?
5
What is the tens digit of 687862098?
9
What is the hundreds digit of 1118068939?
9
What is the hundreds digit of 92658625?
6
What is the ten thousands digit of 71888834?
8
What is the ten thousands digit of 4431607?
3
What is the billions digit of 5583158214?
5
What is the units digit of 52848826?
6
What is the units digit of 1770072503?
3
What is the units digit of 311084089?
9
What is the hundred thousands digit of 23218243?
2
What is the units digit of 143226732?
2
What is the ten thousands digit of 20054842?
5
What is the ten millions digit of 39250076?
3
What is the thousands digit of 82240807?
0
What is the units digit of 379037235?
5
What is the tens digit of 128138281?
8
What is the hundred millions digit of 1819713516?
8
What is the ten millions digit of 50038839?
5
What is the hundreds digit of 67016377?
3
What is the hundred millions digit of 420330779?
4
What is the hundred millions digit of 5610924519?
6
What is the hundred thousands digit of 61321428?
3
What is the thousands digit of 155561152?
1
What is the millions digit of 224264132?
4
What is the units digit of 19096922?
2
What is the ten thousands digit of 92179140?
7
What is the hundreds digit of 208862194?
1
What is the units digit of 4761085990?
0
What is the hundred millions digit of 1617410904?
6
What is the hundred millions digit of 128557846?
1
What is the hundred thousands digit of 917187?
9
What is the ten thousands digit of 68782873?
8
What is the thousands digit of 524481406?
1
What is the millions digit of 50422021?
0
What is the thousands digit of 10267296?
7
What is the hundreds digit of 253877286?
2
What is the millions digit of 328696221?
8
What is the hundred thousands digit of 2639412923?
4
What is the units digit of 44845960?
0
What is the ten thousands digit of 608455292?
5
What is the millions digit of 9228950?
9
What is the hundred thousands digit of 94329465?
3
What is the hundreds digit of 40126170?
1
What is the thousands digit of 48764784?
4
What is the units digit of 42010099?
9
What is the millions digit of 64292698?
4
What is the tens digit of 513245209?
0
What is the hundred millions digit of 3462197366?
4
What is the hundred millions digit of 589601205?
5
What is the hundreds digit of 2270680520?
5
What is the thousands digit of 900166607?
6
What is the thousands digit of 50179553?
9
What is the hundred millions digit of 265762080?
2
What is the ten thousands digit of 18437011?
3
What is the thousands digit of 68157993?
7
What is the ten millions digit of 316074046?
1
What is the ten millions digit of 1788515748?
8
What is the millions digit of 384422651?
4
What is the tens digit of 492973614?
1
What is the tens digit of 318373610?
1
What is the hundred thousands digit of 614756857?
7
What is the ten millions digit of 701461645?
0
What is the thousands digit of 46298830?
8
What is the millions digit of 8654744?
8
What is the tens digit of 273068697?
9
What is the ten thousands digit of 216529491?
2
What is the ten millions digit of 35296454?
3
What is the tens digit of 45625071?
7
What is the hundreds digit of 2234692310?
3
What is the tens digit of 76921450?
5
What is the hundred thousands digit of 37920439?
9
What is the hundred thousands digit of 27236110?
2
What is the hundreds digit of 233493471?
4
What is the ten millions digit of 830674385?
3
What is the units digit of 560006572?
2
What is the ten millions digit of 30368695?
3
What is the units digit of 165440591?
1
What is the hundred thousands digit of 97144776?
1
What is the hundred millions digit of 1125333626?
1
What is the hundred millions digit of 137179661?
1
What is the hundreds digit of 2243192928?
9
What is the ten thousands digit of 131515298?
1
What is the units digit of 6320734940?
0
What is the ten millions digit of 138950329?
3
What is the hundred millions digit of 6417905742?
4
What is the hundreds digit of 195807679?
6
What is the hundred thousands digit of 128423729?
4
What is the thousands digit of 455432258?
2
What is the units digit of 262411886?
6
What is the ten millions digit of 201312917?
0
What is the millions digit of 418016928?
8
What is the hundred millions digit of 239881484?
2
What is the hundred thousands digit of 2124572630?
5
What is the thousands digit of 211320523?
0
What is the hundred thousands digit of 148828927?
8
What is the thousands digit of 920886532?
6
What is the hundred millions digit of 1393046860?
3
What is the tens digit of 120146671?
7
What is the ten thousands digit of 232616482?
1
What is the millions digit of 1597858401?
7
What is the tens digit of 1253107515?
1
What is the hundred millions digit of 1490200108?
4
What is the ten millions digit of 159173323?
5
What is the thousands digit of 11570993?
0
What is the hundreds digit of 26061044?
0
What is the ten millions digit of 839282480?
3
What is the units digit of 31965673?
3
What is the hundred millions digit of 2132487656?
1
What is the ten thousands digit of 80696368?
9
What is the hundred millions digit of 349671793?
3
What is the units digit of 846615485?
5
What is the hundred thousands digit of 2543617635?
6
What is the millions digit of 269179821?
9
What is the ten millions digit of 348640293?
4
What is the hundred thousands digit of 58095050?
0
What is the tens digit of 556190854?
5
What is the hundreds digit of 33902897?
8
What is the hundreds digit of 2736734143?
1
What is the hundred millions digit of 2101292500?
1
What is the ten millions digit of 62819968?
6
What is the ten thousands digit of 225310240?
1
What is the ten millions digit of 31040374?
3
What is the hundreds digit of 3288280356?
3
What is the ten thousands digit of 21800459?
0
What is the hundred millions digit of 1958479549?
9
What is the ten